 tens digit of (t/24)/((-1)/3)?
1
Let b(c) = 10*c. Let f be 49/7*(-2)/(-2). Suppose 4*m - 18 = -i - f, 5*m - 1 = 3*i. What is the units digit of b(m)?
0
Suppose -5*l + j = -27, 0 = 4*l + 5*j - 7 - 3. Suppose -151 - 64 = -l*d. What is the tens digit of d?
4
Let k(r) = 489*r - 232. What is the tens digit of k(4)?
2
Let s(x) = x**2 - 6*x + 2. Let b be s(7). Let h = 11 + 21. Suppose -h = -c - b. What is the tens digit of c?
2
Let r = 11448 - 7886. What is the tens digit of r?
6
Let y(w) = -39*w - 20. What is the units digit of y(-15)?
5
Suppose 13846 = 28*r - 9534. What is the hundreds digit of r?
8
Suppose 59130 = -58*n + 76*n. What is the thousands digit of n?
3
Let q be (-1445)/15 + (6/9)/(-1). Let u = q - -139. What is the tens digit of u?
4
Let c be 5/2 - 2/4. Let y be 15/(-10) - 1589/c. What is the units digit of y/(-18) + (-14)/63?
4
Let k = -4 + 1. Let q = k - -4. What is the units digit of q?
1
Suppose -25*h - 1404 = -37*h. What is the units digit of h?
7
Let o(u) = 74*u**2 + 3*u + 1. Let m be o(-1). What is the tens digit of m/15*(5 - 0) - 1?
2
Let i = 1012 - -109. What is the hundreds digit of i?
1
Suppose 19 = 3*c + 4. Suppose -c*o = 5 - 150. Suppose -4*q = u - 107, -q = -u - u - o. What is the units digit of q?
7
Let t(x) = -x**3 + 33*x**2 + 20*x - 121. What is the tens digit of t(33)?
3
Let u(k) be the first derivative of -13*k**4/2 + k**2 + k + 1. Suppose 0 = 4*n + f + f + 6, 2*n - 5*f - 3 = 0. What is the units digit of u(n)?
5
Let l(n) be the third derivative of 35*n**4/24 - 9*n**2. Let o be l(1). Suppose -5*m + 185 = -o. What is the units digit of m?
4
What is the hundreds digit of (0 - 2) + 361 + 10?
3
Suppose 3600 = -5*m + 13*m. What is the tens digit of m?
5
Let u be -29 - (0 + 3 - 5). Let j = u + 19. What is the units digit of 7/(-28) + (-10)/j?
1
Suppose 5*u - 25 = 0, 2*q + 5*u - u - 312 = 0. What is the hundreds digit of q?
1
Suppose 0*k = -3*u + k - 5, -2*u - 3*k = 7. What is the tens digit of ((-1552)/(-4))/4 + u?
9
Let u = 511 + -1. What is the hundreds digit of u?
5
Let i(d) = -2*d**3 + d**2 - d. Suppose -2*v - 3 = 1. Let a be i(v). Let p = 53 + a. What is the tens digit of p?
7
Let u(l) = -17*l + 9 - 5 - 12*l + 6*l. What is the units digit of u(-3)?
3
Suppose 5*s - 4*h = -30, s + 4*h - 7 + 37 = 0. Let j = -17 - s. What is the units digit of -2 - (0 + 4 + j)?
1
Let j(s) = -s**3 + 2*s**2 - s - 5. Let n be j(0). Let i(z) = -z - 11 + 8 + 9 + 7. What is the units digit of i(n)?
8
Suppose 0 = -2*w + 16 - 10, -2*f = -5*w - 805. What is the units digit of f?
0
Let a be (-4)/(-18) - 320/(-18). Suppose -l + 4*c + 6 = 0, 5*l - l + 2*c - 6 = 0. Suppose r + a = l*r. What is the tens digit of r?
1
Let j(u) = -2*u - 4. Let c be j(-1). What is the tens digit of (144/10)/(c/(-10))?
7
Suppose 0 = -10*i + 5*i + 2490. What is the units digit of i?
8
Suppose -5*s + g + 8 = -3*g, 4*s = -2*g + 22. Let k be 52/16 - s/16. What is the units digit of (-1 - -12)*(k - -3)?
6
Let c(h) = -118*h - 85. What is the hundreds digit of c(-3)?
2
Let r = 14 + -10. Let n = -4 + r. Suppose s - f - 50 = -14, 5*s + 5*f - 140 = n. What is the tens digit of s?
3
Suppose -5*q - 2*k - 8 = -10, -4*k = -5*q - 4. Suppose q = 8*t - 258 - 326. What is the tens digit of t?
7
Let y(b) be the third derivative of 4*b**2 + 1/24*b**4 + 1/6*b**3 + 0 + 17/30*b**5 + 0*b. What is the tens digit of y(-1)?
3
Let r = 6 + -8. Let s(o) = -5*o - 4. What is the units digit of s(r)?
6
Suppose 4*z - 12 = 4. Suppose 12*v = 11*v + z. What is the units digit of v?
4
Suppose 23809 + 30219 = 26*f. What is the tens digit of f?
7
Suppose -12*g + 9556 = -4820. Suppose k - 3*s - 255 = 55, -4*k - 2*s = -g. What is the tens digit of k?
0
Suppose 2*n - 1 = -3*w + n, 2*w + n = 0. Let c be -5 - w/((-3)/9). What is the tens digit of -2 - 52/c - 2?
2
Suppose -472 + 1563 = o. What is the tens digit of o?
9
Suppose 3*y - 88 = -67. What is the tens digit of (-7)/(9 + -13 - (-27)/y)?
4
Suppose -3*c - 1 = -7. Suppose w + c*w = 336. What is the tens digit of w?
1
Let m be (135/(-18))/(2/124). What is the units digit of 1/3 - (0 - m/(-9))?
2
Let n = 18 + -19. What is the tens digit of (-434)/(-12) + n/6?
3
Suppose 0 = -4*a - 4*t - 100 - 44, -4*t = -3*a - 108. Let z = 133 + a. What is the tens digit of z?
9
What is the units digit of (-17)/(5/270*-6)?
3
Let o(u) = -u**3 - 3*u**2 - 4*u + 14. Let t be o(-6). Let a = t + -81. What is the tens digit of a?
6
Let i(q) = q**2 + 8*q + 9. What is the tens digit of i(-13)?
7
Suppose 2*r = -5*t + 5266, 5*r + 6*t - 4*t = 13144. What is the units digit of r?
8
Let s be -4 - 3/((-3)/7). Let k be (s - -3)/2 + 4. Let a = k + 3. What is the tens digit of a?
1
Let t(f) = 2*f - 3. Let v = 0 - -2. Let j be t(v). What is the units digit of (j/(-2))/(1/(-50))?
5
Let g(a) = -9 - 10*a + 19*a - 16*a + 6*a**2. What is the tens digit of g(-2)?
2
Let p(b) = b**3 + 16*b**2 - 36*b - 11. Let g be p(-18). What is the tens digit of (g/(-22))/(-1 - 206/(-204))?
5
Let j(p) = p**2 - 7*p - 18. What is the tens digit of j(-7)?
8
Let l be 3/9*(-6 + 27). Suppose 9 = -4*v + l*v. Suppose 3 = v*m, -4*d + 5*m - 3*m = -6. What is the units digit of d?
2
Suppose -24*w + 22*w = -182. What is the tens digit of w?
9
Suppose 19*n = 22*n - 1512. What is the tens digit of n?
0
Suppose 3*n + 3 = -h, -n = 4*h - 2*n - 14. Suppose 7*m = 2*m + 10, -v = h*m - 11. Suppose v*l - 3*b = 135, -l + b = -8 - 19. What is the tens digit of l?
2
Suppose -7*l + 2*l + 15 = 0. Suppose 4 = l*q - 2*q. Let n = q + 10. What is the units digit of n?
4
Let k be 3/(-2)*(-149 - -1). Suppose 10*b - 4*b = k. Let y = b + -29. What is the units digit of y?
8
Let l = 159 + 43. What is the units digit of l?
2
Let q = -46 - -176. Let j = -87 + q. What is the units digit of j?
3
Suppose 3*y + 187 = 2*l - 2320, 3*l - 3735 = -4*y. What is the units digit of l?
9
Let n(x) = 2*x + 13. Let w = 20 - 13. Suppose 0 = -a + w*a - 42. What is the tens digit of n(a)?
2
Let c = 21 + -1. Suppose 3*n + 12 = -5*l - 8, -5*l - c = -2*n. Suppose -5*m = -n*m - 110. What is the units digit of m?
2
Let i be (-82)/(-10) + (-12)/(-15). Let o = i + 1. Suppose 3*q = o*q - 161. What is the units digit of q?
3
Suppose -664 = 2*n + 2*n. What is the tens digit of n*(-5 - -4)/1?
6
Let g(x) = -30*x + 2. Let s be g(3). Let a = -46 - s. Suppose -2*f + 3*o + 3 = -a, 4*f - 69 = -o. What is the units digit of f?
8
Let q(o) = -o. Suppose 10 = -3*h - 2*h. Let i be q(h). What is the units digit of 1/((-39)/(-18) - i)?
6
Let z = -58 - -59. Let q(r) = r**3 - r. Let c(l) = -11*l**3 - l**2 + 4*l - 1. Let u(s) = -c(s) - 3*q(s). What is the units digit of u(z)?
9
Suppose 5*w - 3960 = 5*k, 0 = 2*w - 52*k + 49*k - 1586. What is the units digit of w?
0
Let d = 15 - 1. Let c = 22 - -10. Let s = c - d. What is the units digit of s?
8
Let b be 0/(3 - (-2 - -4)). Suppose b = -3*y + 7*y - 192. What is the tens digit of y?
4
Suppose -2*x + 2*k = -362, 4*x - 179 = 3*x + 2*k. Let l = 258 - x. What is the units digit of l?
5
Suppose 6*a - p - 1435 = a, 3*a - 854 = 2*p. Suppose -3*o - 4*r - r = -870, -r + a = o. What is the units digit of o?
5
Let k(o) be the second derivative of o**4/12 + 13*o**3/6 + 8*o**2 - 4*o. What is the tens digit of k(-14)?
3
Let c be -4 + (7 - 3) - 86. Let v = 144 + c. What is the tens digit of v?
5
Let r(l) = -3 - 3*l**2 + 0 + 2*l**2 + 1 - 3*l**3. What is the tens digit of r(-3)?
7
Suppose 4*c = -5*f + 2 + 24, 0 = -2*f + 3*c + 15. Let n be (-10)/f + (-5)/15. What is the tens digit of (19 - (-2 - -1)) + n?
1
Let h(s) = s - 15. Let b be h(-7). Let v = b - -57. What is the tens digit of v?
3
Let r = 27 + -46. What is the units digit of 1 - (-1 + r + 2)?
9
What is the hundreds digit of (-1207)/(-3) - (4 - (-48)/(-18))?
4
What is the units digit of 1/(2 + (-7610)/3806)?
3
Let o(s) be the second derivative of -7*s + 1/20*s**5 + 2/3*s**3 + 7/2*s**2 - 2/3*s**4 + 0. What is the units digit of o(8)?
9
Suppose -16*q + 19*q = 78. What is the tens digit of (q/(-3))/((-6)/9)?
1
Let q(j) = 18*j**3 + 2*j**2 - 2*j + 4. Let v be q(2). Let w = v - 104. What is the units digit of w?
8
What is the tens digit of 5166/(12/2) - -6?
6
Suppose -2 + 1 = j, 4*d + 2*j = 482. Suppose -4*v + g + 152 = -g, -3*v = 2*g - d. What is the tens digit of v?
3
Let y be 2/(-3)*3 + 8 + -4. Suppose -y*l - 436 = -6*l